2. Let s = 123 + o. Suppose 5*k - 50 = -3*u, 0 = -4*u - 4*k + s + 17. What is the tens digit of u?
1
Let g(v) = -v**3 - 7*v**2 - v - 7. Let f be g(-7). Suppose -2*w + 149 - 41 = f. What is the units digit of w?
4
Let c = -5 + 7. Let m be (3/c)/((-9)/(-624)). Suppose -q - m = -3*q. What is the tens digit of q?
5
Suppose 5*s = s + 4*o - 28, 4*o = -3*s + 7. Let z be (s/(-2))/((-3)/(-6)). Suppose -3*n + 2*x + 7 = 0, -6*n + z*x = -2*n - 8. What is the units digit of n?
5
Suppose -10*v + 1114 + 776 = 0. What is the units digit of v?
9
What is the units digit of 5/((-60)/(-8))*(31 + -10)?
4
Suppose -2*i + 117 = -23. Let x = 100 - i. What is the units digit of x?
0
Suppose -5*d + 4505 = -0*q + 5*q, 2*d - 1826 = 4*q. What is the tens digit of d?
0
Let i(u) = -188*u + 615. What is the hundreds digit of i(-8)?
1
Let n(b) be the first derivative of 5*b**3/3 - 2*b**2 + 4*b - 22. What is the tens digit of n(7)?
2
Let w = 6 + -4. Let f = 94 - 89. Suppose -4*n - 5*c + 80 = 0, -f*n - w*c + 113 = -4. What is the units digit of n?
5
Let r(b) = -10*b - 50. Let n be -5 - (-13)/((-52)/24). What is the tens digit of r(n)?
6
Suppose -2*n = 3*b - 565, -3*n - 106 = -4*b - 979. What is the units digit of n?
7
Suppose 2751*u + 1365 = 2754*u. What is the hundreds digit of u?
4
Let s = 1915 + -1315. What is the tens digit of s?
0
Suppose -11 = -5*z + 4*z. Let j = 15 - z. Suppose -u - u - 46 = -4*p, u + 45 = j*p. What is the tens digit of p?
1
Let i(k) = 94*k**2 - 2*k - 14. What is the thousands digit of i(7)?
4
Suppose 3*k = 2*p + p - 15, -p - 2*k - 10 = 0. Suppose n = -p*n + 29. What is the units digit of n?
9
Suppose 11*y - 8 = 7*y. Let l(c) = -36*c - 1. Let u be l(y). Let s = -30 - u. What is the tens digit of s?
4
Let p(v) = v - 1. Let u(r) = 24*r + 6. Let t(i) = 3*p(i) - u(i). What is the units digit of t(-2)?
3
Let c = -28 - -27. What is the tens digit of (c - 3) + 490/14?
3
Let a(i) = -12*i**2 + 5*i - 3. Let u(w) = 18*w**2 - 8*w + 5. Let f(k) = -8*a(k) - 5*u(k). Let p be f(1). What is the units digit of (2/2)/(p/40)?
8
Let g(w) = 2*w**2 - 4*w - 9. Let j be g(-6). Let v(q) = -4*q**3 - 7*q**2 + q + 32. Let l be v(-5). Suppose 5*y = -j + l. What is the units digit of y?
3
Suppose -97*s = -99*s + 252. What is the hundreds digit of s?
1
Let u(y) = -y**2 - 5*y + 3. Let c be u(-4). Suppose c*g - 10*g + 45 = 0. What is the units digit of g?
5
Suppose 2*x - 3*x = -k - 3, 2*k - 19 = -3*x. Suppose 0*p + 2*p + 958 = 4*n, 3*n - k*p - 720 = 0. What is the hundreds digit of n?
2
Let r = 25 + -14. Let n = 30 - r. What is the units digit of n?
9
What is the units digit of (-1)/(16/24)*-866?
9
Suppose -3*g - k + 331 = 0, -g - 3*k + 101 = 2*k. What is the units digit of g?
1
Suppose 5*i = q - 3*q + 1192, 3*q - i = 1771. What is the hundreds digit of q?
5
Let o(g) = g**3 + 3*g**2 - 4*g + 7. Let b be o(-4). Let t(r) = 14 + r - 2*r + r**2 + b*r. What is the tens digit of t(-7)?
2
Let j be ((-3)/(-6))/(1/2). What is the units digit of -5 - -4 - (-3 - 2/j)?
4
Suppose 5*r = 690 + 7650. What is the units digit of r?
8
Suppose 25*c = 19*c - 36. Let f = c + 114. What is the tens digit of f?
0
Let y = -51 - -53. Suppose -y*p + 5*o + 34 + 350 = 0, -5*o + 207 = p. What is the units digit of p?
7
Let z be ((-30)/(-12))/(10/8). Suppose -2*c + 149 = -g + 50, 5*c + z*g - 252 = 0. Suppose 7*d - c = 27. What is the tens digit of d?
1
Let y be (-146)/6 + (-1)/(-3). Let j be (-220)/(-110)*(0 - (1 - 2)). What is the units digit of y/(-3) + 2/j?
9
Let u(i) = i**3 - 25*i**2 + 41*i + 4. What is the units digit of u(24)?
2
Let a(l) = 12*l + 10. Let o be (27 + 3)*2/5. What is the tens digit of a(o)?
5
Suppose 4*l = -0*g + 2*g - 42, 5*g = 4*l + 105. Let p be (-9)/g - 1310/(-35). Let s = p + -23. What is the tens digit of s?
1
Suppose 5*p + 22 = 2*f - 6, -p + 4 = 2*f. Let g = 12 - p. What is the units digit of (68/g)/((-2)/(-24))?
1
Let j(g) = g**3 - 3*g**2. Let h be j(3). Suppose 5*t - 63 + 13 = h. What is the tens digit of t?
1
Suppose 0*b = b. Let r(q) = q - 44. Let o be r(b). Let k = o + 77. What is the tens digit of k?
3
Suppose 56*j = 58*j. Suppose 8*c - 15 - 873 = j. What is the hundreds digit of c?
1
Suppose 3*v + 1 = 2*j, -j + 4*v - 5 = 2. Let l = 7 - j. Suppose 0 = -2*u - l*u + 156. What is the units digit of u?
9
Let g = 1 + -4. What is the units digit of g*(-3 - 7/(-3)) + 40?
2
Suppose -21*b + 10264 = -677. What is the units digit of b?
1
Suppose -4*k - 15 = -7. Let u(g) = 5*g**2 - 5*g - 5. What is the tens digit of u(k)?
2
What is the tens digit of (-1)/(2/(-35076)*6)?
2
Let t(m) = 26*m + 10. Let c be t(7). Let g = c - 58. What is the units digit of g?
4
Let y = 9 - 7. Suppose -y*i = -7*i - 30. What is the units digit of 5/((-30)/9)*i?
9
Suppose 4*q - 280 = 4*p, -q - 2*q - p + 194 = 0. Suppose q = 5*x - 4. What is the units digit of x?
4
Let x(t) = t**2 + 16*t - 2. Let h be x(-17). Let d(w) = 4*w + w**2 + h - w + 3*w + 0*w. What is the units digit of d(-9)?
2
Let o(u) = 313*u**2 - 3*u + 13 - 311*u**2 - 8*u. What is the tens digit of o(9)?
7
Suppose 4*o = -3*b + 1286, 10*b - 2*o - 2152 = 5*b. What is the tens digit of b?
3
Suppose 3 = -3*n, 3 = -2*z + 3*n - 0. Let g(s) = -s**2 + 4*s + 7. Let h(o) = -o**2 + 8*o + 14. Let w(r) = -5*g(r) + 3*h(r). What is the tens digit of w(z)?
1
Let t(x) = x**2 - 11*x + 15. Let v be t(11). Let b = 38 - v. What is the tens digit of b?
2
Let f(c) = 2*c**3 + c**2 - 4. Let v be f(6). Let y be v/(-20)*(-10)/4. Let d = y - 15. What is the tens digit of d?
4
Suppose 184 = 3*o - 26. Let z = o - -2. What is the tens digit of (1 - -39)*z/45?
6
Let d(w) = -4*w + 4 + 2*w - 8. Let n be 60/9*(-30)/25. What is the units digit of d(n)?
2
Suppose f + 17 + 8 = 5*o, 0 = 4*f. Suppose 5 + o = 2*g. Suppose -4*q - 5 = -g*q. What is the units digit of q?
5
Let m(y) = -43*y**3 + y**2. Suppose 10 = 2*v - 0. Suppose 4 = d - v*d. What is the units digit of m(d)?
4
Let l be ((-1)/(1 + -2)*-3)/1. What is the units digit of (0*l/6 - -27) + 0?
7
Suppose 6 = 4*k + 2*u - 12, -k + 5 = u. What is the tens digit of (-292)/(-6)*6/k?
7
Suppose 2*b = -19*b + 63. Let z = 248 + -171. Suppose -4*y + z = -i, -2*y - b*y + 98 = -3*i. What is the tens digit of y?
1
What is the units digit of ((-585)/(-78))/(3/1454)?
5
Suppose 0*m + 2 = m. Suppose 17*r + 60 + 42 = 0. What is the units digit of (87/(-9))/(m/r)?
9
Let g(b) = -b**3 + 5*b**2 + 7*b - 7. Let a be g(6). Let d = a - -12. Let m = 1 + d. What is the tens digit of m?
1
Suppose m - 2*r = -m - 4, -4*m = 3*r - 27. Suppose -m*x = 2*y + 33 - 211, -4*y = -4*x - 336. What is the units digit of y?
6
Let m(l) = -l**2 + 4*l + 5. Suppose -3*c + 2*a = -26, 5*c + a + 3*a = 80. Let t be c/18*(4 + 2). What is the units digit of m(t)?
5
Suppose -3*r - 2*s - 637 = 0, 135 = -r + 2*s - 64. What is the tens digit of -2*(-3)/(-6)*r?
0
Suppose 10*x - 5*x + 3*s - 83 = 0, 21 = x + 5*s. Let h(j) = -2*j + 26. Let y be h(13). What is the units digit of (x - y) + -2 + 2?
6
Let r be ((-9)/(-6))/((-9)/(-6)). Suppose -4*o = -m - 13, o = -r + 5. What is the units digit of m/9*3 + 25?
6
Suppose 36*z = -36426 + 109434. What is the units digit of z?
8
Suppose -668 - 148 = -4*j. What is the units digit of j?
4
Let w be (-3 + 3)/(1 + -2). Suppose -30 + w = 2*u. What is the units digit of 6/u - (-222)/5?
4
Suppose 125*t - 459 = 122*t. What is the units digit of t?
3
Let u(d) be the second derivative of d**5/10 - 7*d**4/12 + 5*d**3/6 - 5*d. Let n be u(4). Suppose -4*g - n = -7*g. What is the units digit of g?
2
Let h(u) = 194*u**2 + 9*u + 25. What is the hundreds digit of h(-3)?
7
Let o(g) be the third derivative of g**4/6 - 7*g**3/6 - 4*g**2. Let u(n) = n**3 + 10*n**2 + 9*n + 5. Let c be u(-9). What is the units digit of o(c)?
3
Suppose -2*v = -3*s - 157, -151 = -2*v - 2*s - s. Let i = 182 - v. What is the units digit of i?
5
Let b(a) = 90*a**3 + 4*a**2 + a - 3. What is the tens digit of b(1)?
9
Let d be (-3 + 10)*(19 - 3/3). Suppose -4*l + d - 2 = 0. What is the tens digit of l?
3
Suppose 7839 = 4*v + 4135. What is the hundreds digit of v?
9
Let k(b) = -b**2 - 4*b - 3. Let c = 4 - 8. Let w be k(c). What is the tens digit of w - (-5)/((-15)/(-81))?
2
Suppose 6*v - 20 - 16 = 0. Let w be 9/(-2)*(-9 - 1). Suppose -v*j = -j - w. What is the units digit of j?
9
Let k(z) = 16*z - 24. Let r = 137 -